{"id":2,"date":"2017-10-20T12:57:11","date_gmt":"2017-10-20T12:57:11","guid":{"rendered":"https:\/\/www.solucionsmarsal.es\/blog\/?page_id=2"},"modified":"2024-02-23T12:14:32","modified_gmt":"2024-02-23T11:14:32","slug":"about","status":"publish","type":"page","link":"https:\/\/solucionsmarsal.es\/blog\/about\/","title":{"rendered":"Quienes somos"},"content":{"rendered":"<p class=\"uagb-ifb-desc\">En Solucions Marsal somos una empresa instaladora y de servicios en la comarca del Vall\u00e8s, que damos servicios en toda Catalu\u00f1a. Manteniendo una relaci\u00f3n de confianza con todos los nuestros clientes<\/p>\n","protected":false},"excerpt":{"rendered":"<p>En Solucions Marsal somos una empresa instaladora y de servicios en la comarca del Vall\u00e8s, que damos servicios en toda &hellip; <\/p>\n","protected":false},"author":1,"featured_media":0,"parent":0,"menu_order":0,"comment_status":"closed","ping_status":"open","template":"","meta":{"footnotes":""},"_links":{"self":[{"href":"https:\/\/solucionsmarsal.es\/blog\/wp-json\/wp\/v2\/pages\/2"}],"collection":[{"href":"https:\/\/solucionsmarsal.es\/blog\/wp-json\/wp\/v2\/pages"}],"about":[{"href":"https:\/\/solucionsmarsal.es\/blog\/wp-json\/wp\/v2\/types\/page"}],"author":[{"embeddable":true,"href":"https:\/\/solucionsmarsal.es\/blog\/wp-json\/wp\/v2\/users\/1"}],"replies":[{"embeddable":true,"href":"https:\/\/solucionsmarsal.es\/blog\/wp-json\/wp\/v2\/comments?post=2"}],"version-history":[{"count":4,"href":"https:\/\/solucionsmarsal.es\/blog\/wp-json\/wp\/v2\/pages\/2\/revisions"}],"predecessor-version":[{"id":107,"href":"https:\/\/solucionsmarsal.es\/blog\/wp-json\/wp\/v2\/pages\/2\/revisions\/107"}],"wp:attachment":[{"href":"https:\/\/solucionsmarsal.es\/blog\/wp-json\/wp\/v2\/media?parent=2"}],"curies":[{"name":"wp","href":"https:\/\/api.w.org\/{rel}","templated":true}]}}